en 66 is divided by s?
10
Let a(t) = t**3 + 5*t**2 + 3*t + 2. Let h be (36/(-15))/3*(24 - 19). Calculate the remainder when 28 is divided by a(h).
4
What is the remainder when (-5025)/((42/140)/((-5)/25)) - -1 is divided by 836?
7
Suppose -2*h = -4*l + 2, -8*h + 10*h + 10 = 0. Let g(m) = 3*m**2 - 5. Calculate the remainder when 53 is divided by g(l).
4
Suppose 8*s + 33 + 15 = 0. Let a be s/15 + (-2835)/(-25). Suppose -j + 3*c + 29 = 0, 2*j + 8*c - 3*c - a = 0. What is the remainder when j is divided by 6?
2
Suppose -3*t + 40 = -5*x, 4*t + 2 = -3*x + 7. Suppose 1384 = 2*n + 4*v, v = t*n - 6*n + 692. Calculate the remainder when n is divided by 33.
32
Let i be 150/60*6/15. Calculate the remainder when 159 is divided by 164/20*5 - i/(-1).
33
Let c = -9168 - -9330. What is the remainder when c is divided by 38?
10
Suppose -2*k - 738 = -11*k. Suppose 4*p + k = 6*p. What is the remainder when p is divided by 11?
8
Let m(v) = -110*v + 4. Let u = -17194 - -17242. Calculate the remainder when m(-3) is divided by u.
46
Suppose 20*p - 36*p = -864. Let q(m) = -269*m**3 - 2*m**2 + m + 2. What is the remainder when q(-1) is divided by p?
52
Suppose 5*h - 2*s - 956 = 0, -3*h - s - 293 = -860. Calculate the remainder when 2274 is divided by h.
184
Suppose 2*q = 62*q - 2580. Calculate the remainder when 984 is divided by q.
38
Suppose -35*m + 29612 = 9*m. What is the remainder when m is divided by 134?
3
Let t(k) = -2*k**2 + 9*k + 14. Let b be t(6). Let x(c) = 6 + 7*c**2 + c - 6*c**2 - 3*c + 5*c. Calculate the remainder when x(b) is divided by 5.
0
Let a = -1471 - -1685. What is the remainder when a is divided by 63?
25
Suppose 4*z - 10 = -z. Suppose 0 = 2*r + 2*w + 2*w, 0 = -z*r + 5*w + 36. Suppose r*k = 4*k + 44. What is the remainder when k is divided by 7?
4
Let u = 272 + -256. Calculate the remainder when 43 is divided by (1 - (-8)/u)*(-80)/(-6).
3
Let g(c) = c**3 - 11*c**2 + 10*c + 6. Let i be g(10). Calculate the remainder when (1 - 4)*(1 - i) is divided by 5.
0
Let i = -7011 - -7359. What is the remainder when i is divided by 210?
138
Suppose j = 6*j - 55. Suppose -19*x = -351 - 428. Calculate the remainder when x is divided by j.
8
Suppose 4*i - 705 - 47 = 0. Suppose i = 2*k - 334. Suppose k + 51 = 4*w. What is the remainder when w is divided by 16?
14
Suppose -32*b = 15381 - 1845. Calculate the remainder when b*(-65)/60 - 3/12 is divided by 33.
29
Suppose -i + 238 = 6*v - 4*v, -5*i - 202 = -2*v. Calculate the remainder when 2084 is divided by v.
112
Suppose 5*d - 1220 = 5*u, 10*d = 7*d - u + 752. Suppose -51*r + d = -363. What is the remainder when 75 is divided by r?
3
Let s be -1*2*(-8)/(32/10). Suppose 252 = b - s*b. Let x = 84 + b. Calculate the remainder when x is divided by 12.
9
Suppose 9*j = 8*j + 80. Let d = j + -12. What is the remainder when d is divided by 12?
8
Suppose k = -106*k + 60134. What is the remainder when k is divided by 64?
50
Let s = 11 - -37. Let j = 46 - s. Calculate the remainder when 335 is divided by ((-6)/2 + -1)*(j - 12).
55
Let u(b) = b + 21. Let j be u(-16). Suppose j*o - 374 = 301. Calculate the remainder when o is divided by 46.
43
What is the remainder when 77 is divided by ((-20)/15)/((-92)/2415)?
7
Let o = 14 - 5. Let j(n) = n**3 - 10*n**2 + 10*n + 12. Let k(g) = -g**2 - 2*g + 154. What is the remainder when j(o) is divided by k(-13)?
10
Let d = -919 - -982. What is the remainder when 6108 is divided by d?
60
Let t = 116997 + -116989. What is the remainder when 467/7 - 4/(-14) is divided by t?
3
Let o = 33124 - 30735. Calculate the remainder when o is divided by 42.
37
Suppose -r + 692 = -4*l, 12*r - 5*l + 2768 = 16*r. What is the remainder when 2092 is divided by r?
16
Suppose 3*b + w = 183, 67*b + 192 = 70*b - 2*w. Calculate the remainder when 454 is divided by b.
20
Suppose 7 = -3*o - 5, 5*o = 3*j - 821. Calculate the remainder when j/4 - 5/(-20) is divided by 19.
10
Suppose -7*p = 103 + 289. What is the remainder when -8*((-357)/p - 9) is divided by 3?
0
Suppose 5*h = 57*t - 52*t + 6100, -5*t = 3*h - 3612. What is the remainder when 1222 is divided by h?
8
Let h(z) = -z**3 - 9*z**2 - z. Suppose 2*t + 1 + 3 = -3*o, 3*t - 11 = 4*o. Calculate the remainder when h(-9) is divided by 1*-1*(-4 + t).
0
Let x(c) = c**3 - 7*c**2 + 8*c - 8. Let i be x(6). Let l(a) be the first derivative of a**2/2 + 8*a + 42. Calculate the remainder when 45 is divided by l(i).
9
Suppose 39 = 10*m - 41. Suppose -292 = m*p - 844. What is the remainder when p is divided by -2 + 19 + -2 + -1?
13
Suppose -5*t = -3 - 12. Let i(p) = p**3 - 7*p**2 + 16*p. Let l be i(6). Suppose -69 + l = -9*q. Calculate the remainder when t is divided by q.
0
Let q = -280 + 307. Suppose 25*i = q*i - 54. What is the remainder when 49 is divided by i?
22
Let q(m) be the second derivative of -5/3*m**4 + 0 - 45/2*m**2 + 7*m**3 - 14*m + 1/20*m**5. What is the remainder when q(18) is divided by 16?
15
Suppose -8*m + 3520 = -784. Calculate the remainder when m is divided by 180.
178
Suppose 0 = -3*r + 4 + 47. What is the remainder when 638 is divided by r?
9
Let m(n) = -3*n**3 - 64*n**2 - 16*n + 168. What is the remainder when 210 is divided by m(-21)?
21
Suppose 5*i - 15 = 0, 2*i - 3*i + 3 = 2*t. Suppose -7*b + 23*b = t. Suppose 4*s - 4 = 3*s, b = -o - 3*s + 66. Calculate the remainder when o is divided by 20.
14
Let f = -37 + 64. Calculate the remainder when 124 is divided by f.
16
Let p(d) = d**3 + 17*d**2 + 14*d - 32. Let f be p(-16). Suppose f = -54*i + 42*i + 516. What is the remainder when 169 is divided by i?
40
What is the remainder when 119 is divided by (-146 + 153)*(-82)/(-7)?
37
Suppose -x - 3*r - 239 = 0, -5*x = 3*r + 1471 - 300. Let u = -179 - x. Let f(k) = 3*k**2 + 4*k - 1. What is the remainder when u is divided by f(-3)?
12
Calculate the remainder when ((-2056)/(-12))/(4 + 525/(-135)) is divided by 77.
2
Suppose -83*x - 7657 + 19360 = 0. Suppose -5*c = -10*c + 65. Calculate the remainder when x is divided by c.
11
Let j = -402 + 407. What is the remainder when 47 is divided by j?
2
Suppose 4*r - 25 = -g, 4*g - 28 = -0*g + 2*r. What is the remainder when 461 - (33/44 - g/12) is divided by 66?
65
Let w(u) = u**3 - 37*u**2 + 70*u + 84. Let t be w(35). Calculate the remainder when 90 is divided by 2*((-12)/t + (-186)/(-28)).
12
Suppose 4*q = -2*u + 6188, 4*u - 9*u = 3*q - 4634. What is the remainder when q is divided by 50?
48
Let m(v) = 4*v**3 - 6*v**2 + 156*v - 469. Let d(c) = 19*c**2 - 1. Calculate the remainder when m(3) is divided by d(1).
17
Suppose -3*x = -2*x - 4*b - 23, 0 = 3*x - 5*b - 41. Suppose -4726 = -x*v - 10*v. Calculate the remainder when v is divided by 70.
68
Let l = -34 + 68. Calculate the remainder when (-5215)/(-14) + 4/8 is divided by l.
33
Let l(f) = -179*f - 3153. What is the remainder when l(-18) is divided by (1/(2/38))/1?
12
Suppose -159*k + 11187 = -60*k. What is the remainder when 1041 is divided by k?
24
Let k(d) = -d**3 - 28*d**2 - 129*d + 72. What is the remainder when 326 is divided by k(-22)?
2
Let t(x) = x**2 - 17*x + 78. Let o be t(10). Let c(w) = 2*w**3 - 16*w**2 + 2*w + 2. What is the remainder when 69 is divided by c(o)?
15
Let t = -1425 - -1438. Calculate the remainder when 4196 is divided by t.
10
Let g = 353 + -345. Calculate the remainder when 41 is divided by 112/g*((4 - 0) + -3).
13
Suppose 67*a + z - 877 = 66*a, 2630 = 3*a + 4*z. What is the remainder when a is divided by 171?
23
Suppose 3*t + 4*o = -71, 6*o + 95 = -5*t + 4*o. Let a = t - -62. What is the remainder when 86 is divided by a?
41
Let d(p) = p**3 + 9*p**2 + 8*p - 1. Suppose 98 = w + 3*s - 220, -7*w + s = -2050. What is the remainder when w is divided by d(-6)?
58
Let x(y) = y + 36. Calculate the remainder when 501/4 + (-75)/(-100) is divided by x(-20).
14
Suppose 10 = -0*s + 2*s. Suppose 0 = -2*v + s*v + 195. Calculate the remainder when v*(3 + -1 + -3) is divided by 14.
9
Let o(x) = 86*x**2 + 6*x - 24*x - 19 - x**3 - 74*x**2. Calculate the remainder when o(8) is divided by 12.
9
Suppose 3*p + 0*p + 279 = 3*x, x - 105 = -2*p. Let f = 113 - x. Let u = f + 23. Calculate the remainder when u is divided by 13.
0
Suppose -19*v + 301 = v + 1. Calculate the remainder when 221 is divided by v.
11
Let k = 434 - 396. Let q = k + 2. Calculate the rema